at is the units digit of 20871?
1
What is the tens digit of 30903?
0
What is the units digit of 2017?
7
What is the thousands digit of 4173?
4
What is the hundreds digit of 532?
5
What is the hundreds digit of 24625?
6
What is the units digit of 8196?
6
What is the units digit of 495?
5
What is the hundreds digit of 380?
3
What is the hundreds digit of 5416?
4
What is the tens digit of 41?
4
What is the units digit of 259?
9
What is the tens digit of 87846?
4
What is the hundreds digit of 612?
6
What is the thousands digit of 3686?
3
What is the tens digit of 21798?
9
What is the tens digit of 1111?
1
What is the tens digit of 9633?
3
What is the hundreds digit of 32006?
0
What is the tens digit of 3813?
1
What is the tens digit of 503?
0
What is the units digit of 475?
5
What is the hundreds digit of 524?
5
What is the thousands digit of 5870?
5
What is the tens digit of 3030?
3
What is the units digit of 14?
4
What is the hundreds digit of 296?
2
What is the tens digit of 17706?
0
What is the hundreds digit of 3498?
4
What is the thousands digit of 10774?
0
What is the hundreds digit of 719?
7
What is the hundreds digit of 4876?
8
What is the units digit of 49406?
6
What is the hundreds digit of 114?
1
What is the thousands digit of 1318?
1
What is the tens digit of 1745?
4
What is the tens digit of 17311?
1
What is the hundreds digit of 1450?
4
What is the thousands digit of 1300?
1
What is the tens digit of 24831?
3
What is the tens digit of 166?
6
What is the units digit of 3636?
6
What is the units digit of 31697?
7
What is the tens digit of 936?
3
What is the thousands digit of 39770?
9
What is the units digit of 150?
0
What is the units digit of 5339?
9
What is the tens digit of 95094?
9
What is the ten thousands digit of 184205?
8
What is the hundreds digit of 4651?
6
What is the units digit of 874?
4
What is the hundreds digit of 120100?
1
What is the units digit of 3318?
8
What is the tens digit of 2340?
4
What is the hundreds digit of 1919?
9
What is the tens digit of 3379?
7
What is the tens digit of 4345?
4
What is the hundreds digit of 6722?
7
What is the thousands digit of 4627?
4
What is the hundreds digit of 3247?
2
What is the hundreds digit of 12778?
7
What is the hundreds digit of 4337?
3
What is the tens digit of 696?
9
What is the units digit of 1366?
6
What is the thousands digit of 1139?
1
What is the units digit of 8228?
8
What is the hundreds digit of 171?
1
What is the hundreds digit of 838?
8
What is the ten thousands digit of 35965?
3
What is the units digit of 4884?
4
What is the tens digit of 1376?
7
What is the hundreds digit of 300?
3
What is the units digit of 15285?
5
What is the thousands digit of 113224?
3
What is the hundreds digit of 10256?
2
What is the thousands digit of 7380?
7
What is the units digit of 53783?
3
What is the tens digit of 13793?
9
What is the units digit of 1296?
6
What is the units digit of 1692?
2
What is the thousands digit of 2514?
2
What is the tens digit of 30?
3
What is the hundreds digit of 23332?
3
What is the hundreds digit of 2342?
3
What is the hundreds digit of 989?
9
What is the tens digit of 89565?
6
What is the thousands digit of 1194?
1
What is the units digit of 79331?
1
What is the hundreds digit of 137965?
9
What is the units digit of 8510?
0
What is the units digit of 398?
8
What is the tens digit of 959?
5
What is the thousands digit of 8689?
8
What is the thousands digit of 54196?
4
What is the thousands digit of 6075?
6
What is the units digit of 89?
9
What is the thousands digit of 21710?
1
What is the units digit of 11422?
2
What is the thousands digit of 3034?
3
What is the units digit of 323?
3
What is the ten thousands digit of 10531?
1
What is the thousands digit of 1437?
1
What is the tens digit of 1326?
2
What is the thousands digit of 9674?
9
What is the thousands digit of 8963?
8
What is the units digit of 970?
0
What is the thousands digit of 7455?
7
What is the ten thousands digit of 11529?
1
What is the units digit of 4803?
3
What is the hundreds digit of 2787?
7
What is the units digit of 3295?
5
What is the units digit of 17581?
1
What is the ten thousands digit of 38287?
3
What is the units digit of 5130?
0
What is the units digit of 2277?
7
What is the hundreds digit of 22344?
3
What is the units digit of 90?
0
What is the thousands digit of 1805?
1
What is the hundreds digit of 799?
7
What is the hundreds digit of 31293?
2
What is the hundreds digit of 14286?
2
What is the units digit of 915?
5
What is the thousands digit of 10019?
0
What is the tens digit of 734?
3
What is the thousands digit of 21685?
1
What is the hundreds digit of 1676?
6
What is the units digit of 4507?
7
What is the hundreds digit of 6891?
8
What is the ten thousands digit of 18649?
1
What is the hundred thousands digit of 172952?
1
What is the tens digit of 1815?
1
What is the thousands digit of 1687?
1
What is the tens digit of 1598?
9
What is the tens digit of 29340?
4
What is the units digit of 960?
0
What is the units digit of 1859?
9
What is the ten thousands digit of 25871?
2
What is the thousands digit of 22787?
2
What is the hundreds digit of 1537?
5
What is the thousands digit of 57670?
7
What is the tens digit of 1496?
9
What is the tens digit of 93875?
7
What is the units digit of 380?
0
What is the hundreds digit of 253?
2
What is the tens digit of 28?
2
What is the units digit of 25024?
4
What is the units digit of 1371?
1
What is the tens digit of 43?
4
What is the tens digit of 3731?
3
What is the thousands digit of 10283?
0
What is the ten thousands digit of 114929?
1
What is the hundreds digit of 697?
6
What is the tens digit of 908?
0
What is the thousands digit of 149304?
9
What is the tens digit of 3224?
2
What is the units digit of 279?
9
What is the hundreds digit of 2891?
8
What is the tens digit of 863?
6
What is the tens digit of 19285?
8
What is the thousands digit of 9080?
9
What is the thousands digit of 28218?
8
What is the hundreds digit of 2263?
2
What is the units digit of 118340?
0
What is the thousands digit of 1329?
1
What is the ten thousands digit of 18823?
1
What is the tens digit of 4816?
1
What is the thousands digit of 15504?
5
What is the hundreds digit of 216?
2
What is the hundreds digit of 226?
2
What is the units digit of 1058?
8
What is the thousands digit of 16422?
6
What is the hundreds digit of 3933?
9
What is the tens digit of 1562?
6
What is the hundreds digit of 546?
5
What is the thousands digit of 39482?
9
What is the tens digit of 550?
5
What is the units digit of 571?
1
What is the tens digit of 1847?
4
What is the thousands digit of 2330?
2
What is the units digit of 9897?
7
What is the tens digit of 199?
9
What is the tens digit of 484?
8
What is the tens digit of 3892?
9
What is the tens digit of 38960?
6
What is the units digit of 111?
1
What is the thousands digit of 9325?
9
What is the tens digit of 15916?
1
What is the hundreds digit of 27305?
3
What is the tens digit of 38411?
1
What is the hundreds digit of 61993?
9
What is the units digit of 2773?
3
What is the units digit of 4769?
9
What is the thousands digit of 4925?
4
What is the thousands digit of 7888?
7
What is the thousands digit of 50987?
0
What is the units digit of 664?
4
What is the tens digit of 43145?
4
What is the ten thousands digit of 10814?
1
What is the units digit of 1554?
4
What is the tens digit of 9498?
9
What is the units digit of 7859?
9
What is the units digit of 11886?
6
What is the thousands digit of 1884?
1
What is the tens digit of 1004?
0
What is the thousands digit of 1678?
1
What is the units digit of 588?
8
What is the ten thousands digit of 11508?
1
What is the units digit of 77?
7
What is the units digit of 24690?
0
What is the hundreds digit of 3838?
8
What is the thousands digit of 1349?
1
What is the thousands digit of 19468?
9
What is the units digit of 107458?
8
What is the thousands digit of 5172?
5
What is the units digit of 5880?
0
What is the hundreds digit of 12603?
6
What is the thousands digit of 2536?
2
What is the hundreds digit of 71172?
1
What is the units digit of 76649?
9
What is the thousands digit of 2095?
2
What is the units digit of 2160?
0
What is the hundreds digit of 1362?
3
What is the un